*2 + 27*p - 7. Determine h(-8).
97
Let i(k) = 13*k**2 + 13*k - 83. Calculate i(-4).
73
Let d(c) = -4*c**2 + 49*c - 533. Calculate d(9).
-416
Let j(m) = -m**3 + 47*m**2 - 38*m - 317. Give j(46).
51
Let t(o) = o**3 - 56*o**2 + 302*o - 105. Determine t(50).
-5
Let j(x) = 6*x**2 - 3*x + 12. Give j(4).
96
Let b(h) = -h**2 + 41*h - 96. Calculate b(2).
-18
Let n(f) = -f**3 + 7*f**2 + 25*f + 6. Give n(10).
-44
Let j(r) = -2*r**3 + 17*r**2 + 19*r - 23. What is j(9)?
67
Let o(k) = -68*k + 633. Give o(9).
21
Let g(l) = -52*l + 2647. Determine g(51).
-5
Let p(u) = -9*u**2 + 381*u + 258. Give p(43).
0
Let v(n) = 84*n + 395. Determine v(-5).
-25
Let a(p) = 8*p**2 + 18*p - 14. Calculate a(-5).
96
Let w(s) = -2018*s + 14136. What is w(7)?
10
Let r(u) = -170*u - 1458. Calculate r(-9).
72
Let j(g) = -g**2 - 270*g + 542. Determine j(2).
-2
Let j(i) = -24*i - 220. Determine j(-9).
-4
Let q(w) = 34*w - 89. Determine q(15).
421
Let c(r) = 67*r - 456. Determine c(7).
13
Let j(u) = -2*u**2 + 19*u + 85. Give j(-4).
-23
Let y(m) = -18*m**2 - 972*m + 2. Determine y(-54).
2
Let l(a) = -3339*a - 6639. What is l(-2)?
39
Let v(d) = 402*d + 415. Calculate v(-1).
13
Let y(n) = -8*n**3 + 66*n**2 - 23*n + 51. What is y(8)?
-5
Let x(i) = -189*i - 2430. Determine x(-13).
27
Let d(g) = 464*g - 10676. Give d(23).
-4
Let x(m) = -12067*m + 48257. Calculate x(4).
-11
Let v(g) = -2*g**2 - 36*g - 56. Give v(-20).
-136
Let t(c) = 2*c**3 - 43*c**2 + 64*c - 105. Determine t(20).
-25
Let l(r) = 37*r**3 + 4*r**2 - 5*r - 2. Give l(-1).
-30
Let k(z) = 39*z**2 + 4449*z + 336. Determine k(-114).
-6
Let n(y) = -y**3 - 19*y**2 + 93*y + 2. Give n(4).
6
Let u(y) = y**3 + 5*y**2 - 6*y - 19. Determine u(-4).
21
Let r(w) = 26*w**2 - 7*w + 28. Calculate r(3).
241
Let w(l) = -2*l**3 + 62*l**2 + 129*l - 3981. Calculate w(31).
18
Let s(b) = -3*b**2 + 5*b + 204. Determine s(16).
-484
Let j(s) = 163*s + 154. What is j(-1)?
-9
Let k(j) = -9*j + 843. Calculate k(59).
312
Let y(r) = 3*r**3 - 95*r**2 + 183*r - 3751. Give y(31).
0
Let n(v) = v**2 + 1341*v + 1339. What is n(-1)?
-1
Let u(h) = h**3 - 15*h**2 + 4*h - 10. What is u(15)?
50
Let y(v) = -30*v**2 + 3*v + 5. Calculate y(-3).
-274
Let p(w) = w**2 + 2*w + 5. Give p(-2).
5
Let t(w) = -2*w**2 - 491*w + 17145. What is t(31)?
2
Let u(i) = 10*i - 3. Determine u(17).
167
Let i(y) = -y**3 - 130*y**2 - 791*y - 5839. Give i(-124).
-11
Let x(a) = -31*a + 291. Give x(11).
-50
Let x(b) = 312*b + 2236. What is x(-7)?
52
Let m(j) = -743*j + 16353. Calculate m(22).
7
Let b(k) = -653*k + 122114. Calculate b(187).
3
Let j(q) = 11*q - 7. Give j(1).
4
Let n(i) = -i**3 + 13*i**2 + 47*i + 328. Calculate n(17).
-29
Let n(c) = -60*c + 108. Give n(2).
-12
Let y(s) = s**3 - 42*s**2 - 232*s - 166. Determine y(-4).
26
Let x(p) = -3*p**2 - 248*p + 1580. Calculate x(6).
-16
Let v(i) = -2*i**3 + 99*i**2 + 138*i + 760. What is v(51)?
-5
Let a(v) = -3899*v + 7794. Calculate a(2).
-4
Let c(h) = -h**3 - 17*h**2 + 3*h - 274. What is c(-18)?
-4
Let b(m) = 45*m - 2701. Determine b(60).
-1
Let t(h) = -4*h**2 + 129*h + 32. Give t(32).
64
Let d(c) = 66*c + 22. Calculate d(-1).
-44
Let f(d) = -1277*d + 38304. Calculate f(30).
-6
Let u(c) = -2*c**3 + 168*c**2 - 4*c + 332. Give u(84).
-4
Let i(q) = -16*q**2 - 558*q + 101. Give i(-35).
31
Let a(m) = 32*m + 2245. Determine a(-70).
5
Let u(g) = -12*g + 1417. Calculate u(119).
-11
Let c(m) = 2*m - 162. What is c(80)?
-2
Let t(a) = a**2 + 10*a + 7. Give t(-5).
-18
Let d(l) = -126*l - 13627. What is d(-108)?
-19
Let k(d) = -7*d + 132. Give k(14).
34
Let o(t) = -12*t + 204. Determine o(10).
84
Let j(x) = -x**3 + 26*x**2 + 89*x - 33. What is j(29)?
25
Let q(u) = 30*u + 213. What is q(-6)?
33
Let u(r) = r**3 - 45*r**2 + 4*r - 183. Determine u(45).
-3
Let w(u) = -2*u**3 - 4*u**2 + 193*u - 52. What is w(-11)?
3
Let b(k) = -2*k**3 + 21*k**2 + 12*k - 10. Calculate b(11).
1
Let v(o) = -15*o - 357. Determine v(-22).
-27
Let r(b) = 2*b**2 + 103*b + 905. Calculate r(-10).
75
Let i(p) = 10*p + 126. Give i(-13).
-4
Let i(j) = -2*j**3 + 10*j**2 + 71*j + 5. Calculate i(-4).
9
Let f(w) = -116*w**2 - 9*w - 9. Give f(-1).
-116
Let r(i) = -38*i**2 + 313*i - 18. Calculate r(8).
54
Let a(c) = c**3 - 14*c**2 + 28*c + 9. What is a(9)?
-144
Let p(d) = 64*d**2 - 709*d + 44. What is p(11)?
-11
Let s(w) = -w**3 + 42*w**2 + 145*w + 1682. What is s(46)?
-112
Let n(i) = -100*i + 306. Determine n(3).
6
Let x(z) = -2*z**3 - 296*z**2 + 297*z - 402. Determine x(-149).
-253
Let p(i) = 43577*i - 305037. What is p(7)?
2
Let l(g) = 16*g**2 + 107*g. Calculate l(-6).
-66
Let p(i) = 4*i**3 + 10*i**2 - 4*i - 10. Determine p(-5).
-240
Let l(v) = v**3 + 7*v**2 - 5*v - 9. Determine l(0).
-9
Let i(w) = 19*w - 93. Calculate i(14).
173
Let g(u) = u**3 - 21*u**2 + u + 28. What is g(21)?
49
Let i(v) = v**2 + 33*v - 4283. Calculate i(-84).
1
Let l(w) = 6*w**2 + 17*w + 40. Calculate l(-3).
43
Let q(t) = -t**3 - 68*t**2 + 141*t + 71. Determine q(-70).
1
Let u(c) = -c**2 - 5*c + 6. Determine u(-9).
-30
Let s(y) = -y**3 - 71*y**2 + 146*y + 5. Give s(-73).
5
Let v(d) = -104*d + 9162. Determine v(88).
10
Let j(a) = 48*a + 190. Determine j(-4).
-2
Let c(t) = 1325*t + 1332. What is c(-1)?
7
Let v(x) = -11*x**2 + 65*x + 465. Determine v(9).
159
Let a(t) = 3*t**2 + 30*t + 19. Calculate a(-10).
19
Let x(v) = -136*v + 5164. What is x(38)?
-4
Let u(b) = -3*b**2 + 10*b - 57. What is u(5)?
-82
Let p(t) = t**3 + 33*t**2 + 56*t - 36. What is p(-31)?
150
Let v(o) = 2*o**2 - 39*o - 1468. What is v(38)?
-62
Let j(h) = -1422*h - 11378. Calculate j(-8).
-2
Let q(h) = -11*h**3 + 518*h**2 - 49*h - 29. Give q(47).
-123
Let k(w) = -w**3 + 29*w - 54. Determine k(2).
-4
Let z(o) = -o**2 - 20*o - 30. What is z(-18)?
6
Let p(z) = -40*z + 1036. Determine p(26).
-4
Let f(i) = -5*i**2 - 193*i - 115. Give f(-35).
515
Let b(p) = p**2 + 38*p - 238. What is b(-43)?
-23
Let d(n) = n**3 - 16*n**2 - 7*n - 26. What is d(16)?
-138
Let s(p) = 38*p + 79. What is s(-2)?
3
Let v(h) = -3*h**3 + 3*h**2 + 19*h - 84. Give v(4).
-152
Let r(x) = -x**3 + 5*x**2 + 19*x - 5. Give r(8).
-45
Let o(y) = -2700*y + 194397. What is o(72)?
-3
Let u(y) = 705*y + 48644. Calculate u(-69).
-1
Let r(l) = 7*l**3 - 22*l**2 - 148*l + 450. Calculate r(3).
-3
Let n(p) = 7*p - 104. What is n(9)?
-41
Let p(o) = -2*o**3 + 23*o**2 - 34*o + 247. Give p(11).
-6
Let d(s) = -s**3 - 13*s**2 - 40*s + 5. Give d(-10).
105
Let r(u) = 34*u - 39. Give r(4).
97
Let n(h) = 1409*h - 1413. Calculate n(1).
-4
Let v(a) = -a**2 - 746*a + 6038. Determine v(8).
6
Let b(m) = 20*m + 499. Calculate b(-25).
-1
Let l(r) = 550*r + 17633. What is l(-32)?
33
Let l(t) = t**3 - 32*t**2 + 191*t + 25. Determine l(24).
1
Let n(c) = 18*c + 1682. Determine n(-85).
152
Let n(h) = 148*h - 3529. Calculate n(25).
171
Let k(v) = v**2 + 18*v + 7. Give k(-12).
-65
Let c(w) = -2*w**3 - 13*w**2 + 28*w + 30. Determine c(-8).
-2
Let t(q) = -q**3 + 9*q**2 - 17*q - 23. Give t(5).
-8
Let v(f) = 8*f**2 - 27*f + 2. What is v(4)?
22
Let p(j) = -13*j**3 + 2*j**2 + 5*j - 8. Calculate p(1).
-14
Let z(y) = -6*y**3 - 384*y**2 + 23*y + 1475. Give z(-64).
3
Let n(s) = -579*s - 8102. What is n(-14)?
4
Let q(y) = 2*y**2 + 49*y + 213. Determine q(-19).
4
Let l(r) = -r**3 - 11*r**2 + 17*r + 53. Give l(-13).
170
Let z(m) = m**2 - 70*m - 4548. Calculate z(111).
3
Let v(g) = 143*g - 428. What is v(3)?
1
Let b(n) = -n**2 + 25*n - 97. What is b(15)?
53
Let o(k) = -9*k - 151. What is o(-17)?
2
Let g(a) = -32*a**2 + 4*a - 4. Give g(1).
-32
Let o(w) = 134*w + 16628. Determine o(-124).
12
Let o(f) = 25*f + 1205. Determine o(-37).
280
Let n(i) = -i**3 + 3*i - 3. Calculate n(-2).
-1
Let o(c) = 106*c - 89. Determine o(1).
17
Let m(f) = -f**2 + 29*f + 156. Give m(32).
60
Let m(j) = 32*j - 26. What is m(0)?
-26
Let s(d) = -4*d**2 - 2690*d - 45851. Calculate s(-655).
-1
Let p(h) = h + 19. What is p(15)?
34
Let k(o) = 201*o - 13875. What is k(69)?
-6
Let h(f) = -f**3 - f**2 + 40*f - 120. Determine h(3).
-36
Let v(c) = -3*c**3 + 115*c**2 - 50*c - 6. Calculate v(38).
-462
Let y(a) = 2*a - 98. What is y(56)?
14
Let b(o) = -21*o**2 - 12*o - 17. What is b(-2)?
-77
Let x(b) = -5*b - 499. Calculate x(-95).
-24
Let z(s) = -s**2 + 36*s - 289. Give z(18).
35
Let y(a) = -a**3 - 45*a**2 - 499*a - 93. What is y(-19)?
2
Let a(t) = -13*t**2 + 153*t + 352. What is a(-